).
1
Let w(i) = i**2 - 20*i - 264. What is w(-9)?
-3
Let k(o) = -o**2 + 2*o + 18. What is k(-3)?
3
Let x(a) = 51*a + 144. What is x(-3)?
-9
Let h(j) = j**3 + 11*j**2 + 11*j + 12. What is h(-10)?
2
Let d(h) = h**3 + 12*h**2 - h - 10. Give d(-12).
2
Let y(u) = 2*u + 11. Determine y(-14).
-17
Let m(i) = i - 8. What is m(13)?
5
Let g(o) = -o**3 - 6*o**2 + 11*o + 9. Give g(-7).
-19
Let v(n) = 2*n**3 + 20*n**2 + 3*n + 21. Give v(-10).
-9
Let l(p) = 4*p + 76. Determine l(-11).
32
Let d(c) = 2*c**3 + 11*c**2 + 9*c + 11. What is d(-5)?
-9
Let j(k) = k**2 + 27*k - 38. Determine j(-28).
-10
Let q(i) = -3*i - 7. Calculate q(8).
-31
Let v(l) = 5*l + 2. Give v(2).
12
Let g(t) = -9*t**3 - 3*t + 3. Determine g(1).
-9
Let z(n) = 2*n + 32. Calculate z(-14).
4
Let z(g) = -2*g + 5. Calculate z(7).
-9
Let o(b) = -b**3 - 5*b**2 + 9*b + 8. Calculate o(-6).
-10
Let i(p) = 13*p**2 - p - 1. Give i(3).
113
Let q(d) = -2*d**2 + 24*d + 76. Calculate q(-3).
-14
Let x(p) = 3*p**3 + p**2 - 4*p - 7. What is x(-1)?
-5
Let h(t) = t**3 - 6*t**2 - 3*t - 3. Determine h(6).
-21
Let a(q) = 4*q**2 + 41*q - 19. Give a(-10).
-29
Let l(z) = -z**2 + 17*z - 6. What is l(11)?
60
Let f(a) = -5*a**3 + 3*a**2 + 4*a + 2. Calculate f(-1).
6
Let f(v) = -8*v**3 + 3*v**2 - 2*v - 1. Give f(2).
-57
Let b(s) = 67*s - 536. What is b(8)?
0
Let p(g) = g**2 + 4*g - 16. Give p(-7).
5
Let n(l) = l**2 - 44*l - 143. Calculate n(-3).
-2
Let z(m) = -12*m**2 - 25*m - 1. What is z(-3)?
-34
Let b(u) = u**2 - 19*u + 31. What is b(17)?
-3
Let k(r) = r**3 - 4*r**2 - r - 6. What is k(0)?
-6
Let l(c) = c + 36. Determine l(-15).
21
Let x(f) = -f**3 + 14*f**2 + 49*f + 32. Give x(17).
-2
Let a(g) = g**3 - 8*g**2 - 6*g - 22. Calculate a(9).
5
Let u(l) = l**3 - 16*l**2 + l - 20. What is u(16)?
-4
Let x(l) = -2*l**3 - 10*l**2 - 1. Calculate x(-5).
-1
Let h(o) = -3*o - 5. Determine h(0).
-5
Let y(f) = f**3 - 6*f**2 - f - 6. Calculate y(6).
-12
Let h(x) = 16*x. What is h(1)?
16
Let y(u) = 13*u**2 - 11*u + 20. What is y(3)?
104
Let c(p) = -p**2 - 9*p - 16. Determine c(-8).
-8
Let t(b) = -b**3 - b**2 - 3*b - 3. Calculate t(-2).
7
Let m(o) = o**3 - 12*o**2 + 15*o + 20. Determine m(9).
-88
Let m(u) = -u**3 + 8*u**2 - 16*u + 2. Calculate m(5).
-3
Let m(b) = b**2 + 4*b + 5. Calculate m(-6).
17
Let b(q) = -35*q + 465. Determine b(14).
-25
Let a(b) = -5*b**3 - 2*b**2 + 6*b - 3. What is a(2)?
-39
Let g(l) = -l**3 - 4*l**2 - 2*l + 3. Give g(-3).
0
Let i(h) = -2*h**2 - 15*h + 66. Give i(-14).
-116
Let h(k) = -32*k - 36. Determine h(-1).
-4
Let g(r) = -r**3 + 25*r**2 + 24*r + 53. Calculate g(26).
1
Let l(y) = -2*y + 4. Calculate l(3).
-2
Let u(y) = 10*y - 254. What is u(25)?
-4
Let x(c) = -2*c**3 + 8*c**2 - 7. Determine x(3).
11
Let p(o) = -o**3 - 8*o**2 + 5*o + 12. Determine p(-9).
48
Let s(d) = -d**3 - 5*d**2 - 9*d - 6. Calculate s(-2).
0
Let d(n) = n - 34. Determine d(0).
-34
Let i(q) = -q**3 - 8*q**2 + 6*q + 4. Calculate i(-9).
31
Let m(r) = -3*r**2 + 63*r - 1. What is m(21)?
-1
Let d(i) = i**3 - 20*i**2 - 3*i + 41. Give d(20).
-19
Let z(r) = r**3 + 14*r**2 + 11*r - 17. Give z(-13).
9
Let f(y) = 3*y**3 + 2*y**2 - 2. Give f(1).
3
Let v(a) = -a**2 - 36*a + 128. Calculate v(3).
11
Let h(y) = -29*y**2 + 143*y - 6. Determine h(5).
-16
Let h(b) = 6*b - 91. Give h(16).
5
Let f(k) = -k**2 - 21*k. Calculate f(-21).
0
Let n(t) = -3*t - 34. What is n(-14)?
8
Let u(f) = -f**3 - 2*f**2 + 5*f - 13. Give u(-4).
-1
Let l(g) = 3*g**2 - g - 64. What is l(0)?
-64
Let a(x) = 6*x + 40. Give a(-7).
-2
Let q(r) = -r + 2. Determine q(12).
-10
Let k(n) = 3*n - 20. Determine k(4).
-8
Let t(s) = s**3 + 7*s**2 + 9*s + 14. Calculate t(-6).
-4
Let z(h) = -h**3 - 2*h + 1. What is z(-3)?
34
Let j(f) = f. Give j(3).
3
Let z(m) = -4*m**2 - 17*m - 14. What is z(-4)?
-10
Let f(q) = q**2 - 16*q + 18. Determine f(15).
3
Let q(o) = 3*o + 7. Determine q(-10).
-23
Let c(v) = v**3 + 12*v**2 - 11*v + 30. Determine c(-13).
4
Let y(d) = -87*d - 268. Give y(-3).
-7
Let m(g) = -83*g - 4. Calculate m(-1).
79
Let f(i) = -5*i**2 - 2*i + 8. Give f(-2).
-8
Let o(z) = -4*z - 38. What is o(-13)?
14
Let z(g) = 8*g + 55. Give z(-9).
-17
Let n(m) = 7*m + 28. Give n(-5).
-7
Let z(q) = q**3 + 2*q**2 - 3*q + 3. Give z(-3).
3
Let a(s) = -s**3 + s**2 + 5*s - 2. What is a(3)?
-5
Let d(w) = w**2 - w + 9. Determine d(8).
65
Let m(n) = 2*n + 7. What is m(4)?
15
Let n(q) = 19*q**3 - 112*q**2 - 13*q + 8. Calculate n(6).
2
Let n(j) = 3*j**2 - 16*j - 14. Calculate n(7).
21
Let w(o) = 16*o + 258. Give w(-16).
2
Let o(w) = -7*w + 1. Determine o(-2).
15
Let g(y) = y**2 + 22*y - 22. What is g(-18)?
-94
Let j(l) = -3*l - 32. Determine j(-10).
-2
Let d(w) = -3*w + 16. Calculate d(7).
-5
Let b(n) = n**2 + 18*n + 96. Calculate b(-11).
19
Let h(v) = -v**3 + 9*v**2 - 8. Determine h(8).
56
Let q(s) = s**3 + 3*s**2 - 40*s - 2. What is q(-8)?
-2
Let y(b) = b + 3. Give y(3).
6
Let i(v) = -2*v**3 + 8*v**2 + 11*v - 4. Calculate i(5).
1
Let a(t) = -8*t**2 + 11*t - 44. What is a(3)?
-83
Let g(n) = -n**3 - 7*n**2 - 2*n + 29. Calculate g(-6).
5
Let s(b) = -b**2 - 41*b - 49. Give s(-40).
-9
Let i(p) = -13*p + 39. Determine i(3).
0
Let d(m) = -m**3 + 6*m**2 + 2*m + 3. What is d(5)?
38
Let l(a) = -a**3 - 5*a**2 - 4*a - 2. Calculate l(3).
-86
Let q(k) = -2*k - 32. Determine q(-11).
-10
Let g(o) = -7*o + 108. Determine g(8).
52
Let r(y) = -4*y**2 + 37*y - 2. Give r(9).
7
Let u(c) = -2*c**3 + 4*c**2 + c + 1. Calculate u(3).
-14
Let m(u) = u**2 + 24*u - 9. Determine m(-24).
-9
Let p(s) = 2*s**3 - 51*s**2 - 24*s - 62. Give p(26).
-10
Let k(t) = -t**2 - 12*t + 17. Calculate k(-12).
17
Let q(n) = n**3 + 7*n**2 + 4*n - 18. Determine q(-6).
-6
Let a(d) = d**2 + 23*d + 97. Calculate a(-18).
7
Let k(g) = 6*g + 1. Determine k(-1).
-5
Let j(f) = f**2 - 2*f - 41. Calculate j(-5).
-6
Let j(a) = 2*a - 17. Give j(-5).
-27
Let x(a) = 32*a + 100. Determine x(-4).
-28
Let n(u) = u**2 - 47*u - 1. Calculate n(47).
-1
Let w(z) = z**2 - z - 32. Determine w(6).
-2
Let w(y) = -7*y + 12. Determine w(0).
12
Let q(r) = -5*r - 21. Determine q(-6).
9
Let x(y) = 2*y**3 + 2*y**2 - y + 6. Determine x(-3).
-27
Let g(p) = -5*p - 14. Determine g(-6).
16
Let j(w) = w**2 - 57*w - 63. Determine j(58).
-5
Let a(y) = y**2 - y - 8. Calculate a(0).
-8
Let d(j) = j**2 + 18*j - 9. Calculate d(-22).
79
Let o(m) = -m**3 - 9*m**2 - 9*m - 6. What is o(-6)?
-60
Let a(p) = p**3 - 6*p**2 - 7*p + 10. What is a(6)?
-32
Let l(c) = c**3 - 5*c**2 - 6*c - 2. What is l(-2)?
-18
Let u(q) = q + 1. What is u(-1)?
0
Let v(l) = 12*l + 15. What is v(4)?
63
Let u(x) = x**2 - 5*x - 154. What is u(15)?
-4
Let o(p) = -14*p**2 + 84*p. What is o(6)?
0
Let r(z) = 120*z + 1797. Give r(-15).
-3
Let d(b) = -30*b - 40. What is d(-1)?
-10
Let y(c) = 2*c**3 + 7*c**2 - 2*c + 8. Calculate y(-4).
0
Let l(u) = u**3 + 15*u**2 + 13*u - 10. What is l(-14)?
4
Let x(s) = -s**3 - 10*s**2 - 12*s + 37. Calculate x(-7).
-26
Let f(a) = -2*a**3 + 7*a**2 + 10*a - 4. What is f(6)?
-124
Let b(z) = z + 46. Determine b(-18).
28
Let f(c) = 11*c - 2. What is f(4)?
42
Let s(u) = -8*u**2 + 86*u + 26. What is s(11)?
4
Let z(a) = -a**3 - 5*a**2 - a - 2. Calculate z(-5).
3
Let d(k) = -k**3 + 16*k**2 + 22*k - 33. Calculate d(17).
52
Let a(k) = 6*k - 2. What is a(-3)?
-20
Let t(x) = -x**2 + 14*x + 11. What is t(15)?
-4
Let j(o) = o**2 - 7*o - 5. Give j(6).
-11
Let t(n) = 14*n + 54. Give t(-5).
-16
Let j(t) = -2*t - 35. Calculate j(-16).
-3
Let y(f) = -2*f**2 + 15*f - 14. Determine y(6).
4
Let d(v) = 2*v**2 - 33*v + 4. Calculate d(16).
-12
Let r(f) = -16*f**2 + 2*f + 1. Give r(-1).
-17
Let x(p) = p**3 + 8*p**2 + 9*p + 10. Calculate x(-7).
-4
Let k(p) = 111*p - 18. Determine k(2).
204
Let f(l) = -l**3 + l**2 + 11*l - 14. Calculate f(3).
1
Let l(k) = 3*k**3 + k**2 - k + 1. Determine l(1).
4
Let l(s) = -s**3 - 22*s**2 - 27*s - 103. What is l(-21)?
23
Let s(z) = z + 12. Give s(-8).
4
Let g(k) = -k**2 - 13*k - 19. Give g(-3).
11
Let o(t) = -t**2 + 23*t - 114. Determine o(8).
6
Let h(d) = -8*d - 59. Give h(-9).
13
Let w(f) = -f**3 - 6*f**2 + 9*f + 3. Give w(-7).
-11
Let z(p) = -p**2 + 40*p - 122. Give z(37).
-11
Let l(x) = 2*x**2 + 25*x + 9. What is l(-12)?
-3
Let k(a) = -a**3 + 16*a**2 - a + 9. What is k(16)?
-7
Let q(i) = i**2 - 2*i + 4. Calculate q(4).
12
Let p(k) = -15*k**3 + 1. Calculate p(-1).
16
Let r(b) = -b**2 - b + 12. Cal